0*o - 41. Give v(-3).
-8
Let s(b) = -168*b**2 + 1358*b - 91. Calculate s(8).
21
Let n(q) = 2*q**3 - 64*q**2 + 64*q - 87. Calculate n(31).
-25
Let p(l) = -l**3 - 19*l**2 - 51*l + 3. What is p(-4)?
-33
Let p(i) = i**3 - 59*i**2 - 59*i - 30. Determine p(60).
30
Let y(p) = -p**2 - 69*p - 373. What is y(-6)?
5
Let a(p) = p**3 + 5*p**2 - 443*p + 314. Determine a(-24).
2
Let o(z) = -z**3 + 6*z**2 + 155*z - 806. Determine o(5).
-6
Let x(y) = -y**3 - 37*y**2 + 292*y - 684. Calculate x(-44).
20
Let b(z) = -4658*z - 13969. Calculate b(-3).
5
Let b(n) = -n**3 + 33*n**2 + 73*n + 84. What is b(35)?
189
Let s(b) = 201*b**3 - 22*b**2 - 2*b - 3. What is s(-1)?
-224
Let m(j) = -j**3 + 19*j**2 + 12*j - 96. Give m(20).
-256
Let x(v) = v**2 - 53*v - 293. Give x(55).
-183
Let g(u) = -14*u - 449. Give g(-31).
-15
Let o(t) = -t**3 + 12*t**2 - 25*t - 12. What is o(9)?
6
Let o(h) = -39*h**3 - 2146*h**2 - 57*h - 102. Give o(-55).
8
Let z(j) = -j**3 + 16*j**2 - 32*j - 2. Calculate z(13).
89
Let r(n) = 74*n - 2036. Calculate r(27).
-38
Let u(v) = v**2 + 14*v - 358. Determine u(12).
-46
Let m(d) = d**2 + 14*d - 3078. Determine m(-62).
-102
Let d(y) = 108*y + 503. Calculate d(-5).
-37
Let r(u) = -59*u - 1113. Calculate r(-18).
-51
Let d(o) = 2*o**3 - 30*o**2 + 114*o - 34. Calculate d(9).
20
Let c(t) = -5700*t + 39913. Determine c(7).
13
Let l(n) = -9*n + 81. What is l(10)?
-9
Let o(y) = 157*y - 13. What is o(0)?
-13
Let q(k) = -452*k - 2151. What is q(-5)?
109
Let d(n) = -162*n - 5208. What is d(-31)?
-186
Let t(i) = -i**3 - 337*i**2 + 1365*i + 332. Calculate t(-341).
-9
Let d(b) = -b**3 + b**2 + 31*b + 28. Calculate d(6).
34
Let a(l) = -705*l - 6212. Give a(-9).
133
Let h(i) = -i**3 - 6*i**2 + 7. What is h(-6)?
7
Let j(k) = 26*k + 252. Determine j(-6).
96
Let c(h) = -161*h - 993. Give c(-10).
617
Let k(h) = -2*h**2 - 103*h + 9142. Calculate k(-98).
28
Let q(m) = 2*m**2 - 22*m - 311. What is q(-8)?
-7
Let j(t) = t - 30. Determine j(5).
-25
Let p(q) = -112*q + 2128. Determine p(19).
0
Let c(a) = 11*a**2 - 398*a - 52. What is c(36)?
-124
Let x(w) = w**2 - 31*w - 573. Determine x(-13).
-1
Let q(j) = 8*j**3 - j**2 + 58*j + 58. What is q(-1)?
-9
Let w(r) = -r**3 - 39*r**2 + 433*r + 46. Give w(-48).
-2
Let c(j) = 3*j**2 + 5*j - 182. Calculate c(8).
50
Let r(h) = -34*h + 96. Calculate r(3).
-6
Let f(k) = 17204*k - 223656. Give f(13).
-4
Let o(u) = -341*u - 86. What is o(-1)?
255
Let i(r) = 770*r - 21552. Calculate i(28).
8
Let r(q) = q**2 + 46*q + 423. Calculate r(-14).
-25
Let o(u) = -256*u - 5621. Give o(-22).
11
Let t(q) = -203*q + 1812. What is t(9)?
-15
Let d(l) = l**2 + 46*l + 379. Give d(-39).
106
Let g(j) = -9*j - 142. Give g(-26).
92
Let y(m) = m**2 + 78*m + 1032. Give y(-61).
-5
Let q(g) = 3*g**3 - 116*g**2 + 108*g + 22. What is q(38)?
1238
Let i(u) = -31*u**2 + 239*u + 473. Determine i(-2).
-129
Let f(t) = 56*t + 1344. Determine f(-21).
168
Let j(g) = 179*g + 3859. Determine j(-22).
-79
Let m(v) = 5*v + 260. Give m(0).
260
Let n(x) = x**3 - 67*x**2 + 133*x - 265. Give n(65).
-70
Let a(o) = -o**3 - 17*o**2 - 42*o + 52. Give a(-13).
-78
Let m(y) = 2*y**3 - 111*y**2 + 164*y - 85. Determine m(54).
23
Let i(x) = -x**3 + 23*x**2 - 25*x - 66. Calculate i(21).
291
Let t(z) = 9*z**2 - 96*z - 273. Determine t(13).
0
Let y(t) = -t**3 + 12*t**2 - 8*t - 48. Calculate y(10).
72
Let t(j) = -4*j**2 - 228*j - 226. Determine t(-56).
-2
Let x(y) = y**2 + 37*y + 5. Calculate x(-30).
-205
Let v(b) = -58*b**3 + 3*b**2 + 4*b - 4. Give v(1).
-55
Let t(i) = -118*i + 91. Calculate t(6).
-617
Let t(c) = 16201*c - 145813. Calculate t(9).
-4
Let h(r) = r**3 - 3*r**2 - 248*r + 746. Give h(3).
2
Let g(o) = -2*o**2 - 43*o + 543. Give g(9).
-6
Let y(a) = -a**2 + 10*a - 100. Calculate y(16).
-196
Let k(h) = -986*h - 3927. Calculate k(-4).
17
Let h(t) = 3*t**2 - 138*t + 510. Give h(4).
6
Let k(r) = 4*r**2 + 21*r - 33. Give k(-6).
-15
Let w(j) = 5676*j - 45408. Determine w(8).
0
Let z(k) = -35*k + 356. Determine z(9).
41
Let o(i) = 38*i**2 - 23*i - 43. Determine o(-2).
155
Let q(x) = -46*x - 1854. Calculate q(-40).
-14
Let r(z) = 5*z**2 - 100. What is r(6)?
80
Let s(y) = -6*y**3 - 218*y**2 - 62*y + 362. Determine s(-36).
2
Let d(s) = -5*s**2 - 54*s - 332. Give d(-7).
-199
Let t(d) = 562*d - 59588. What is t(106)?
-16
Let g(b) = 4*b**3 - 3*b**2 - 86*b + 2. What is g(5)?
-3
Let d(s) = 2*s**2 - 84*s + 333. What is d(37)?
-37
Let f(y) = 14*y - 490. Calculate f(31).
-56
Let s(l) = 522*l + 1035. What is s(-2)?
-9
Let a(k) = -39*k + 1035. Give a(33).
-252
Let c(z) = 6*z**3 - 440*z**2 + 146*z - 1. Give c(73).
-1
Let c(v) = v**2 - 48*v + 159. Determine c(43).
-56
Let n(i) = -43*i + 861. Give n(20).
1
Let l(o) = 7*o**3 + 12*o**2 - 24*o - 1. Determine l(3).
224
Let x(b) = 42*b - 900. Give x(21).
-18
Let b(t) = -2*t**3 - 7*t**2 - 4*t - 1. Determine b(-2).
-5
Let h(s) = -s**2 + 11*s + 100. Calculate h(-5).
20
Let r(m) = 684*m + 2056. Determine r(-3).
4
Let c(h) = -9*h**2 - 10*h - 12. Calculate c(-1).
-11
Let p(t) = 44*t**2 - 17*t - 1. Calculate p(1).
26
Let u(p) = p**3 - p**2 + 8*p + 18. Calculate u(-2).
-10
Let f(g) = g**3 - 53*g**2 - 211*g - 977. Give f(57).
-8
Let d(f) = -21*f + 644. What is d(33)?
-49
Let s(d) = 622*d - 15509. Calculate s(25).
41
Let s(d) = 9*d**2 + 29*d + 32. Determine s(-4).
60
Let d(z) = 48*z**2 - 332*z - 19. Determine d(7).
9
Let k(h) = -2058*h + 24696. Give k(12).
0
Let l(d) = -9*d + 188. What is l(-8)?
260
Let f(z) = 2*z**2 + 59*z - 228. Determine f(-31).
-135
Let i(g) = g**3 + 158*g**2 - 153*g + 946. Calculate i(-159).
-8
Let v(n) = 98*n + 3144. What is v(-32)?
8
Let k(r) = 50*r + 3191. Determine k(-64).
-9
Let s(f) = -f**2 - 83*f + 2174. Determine s(21).
-10
Let w(c) = -6*c**2 + 14*c + 15. Determine w(8).
-257
Let n(q) = -53*q**3 - 17*q**2 - 18*q - 2. Determine n(-1).
52
Let y(v) = v**3 - 12*v**2 - 4*v + 67. Give y(12).
19
Let b(x) = -x**3 + 46*x**2 - 86*x - 94. Give b(44).
-6
Let p(g) = -23*g**2 + 713*g - 2480. Calculate p(27).
4
Let m(h) = -h**3 - 2*h**2 - 8*h - 291. What is m(0)?
-291
Let s(f) = -478*f - 17675. What is s(-37)?
11
Let l(w) = -6*w**3 - 66*w**2 - 24*w - 33. Give l(-11).
231
Let c(h) = -8*h**2 + 30*h + 143. Determine c(7).
-39
Let o(p) = -p**3 + 5*p**2 + 86*p - 491. Give o(8).
5
Let c(p) = -47*p - 1638. What is c(-50)?
712
Let z(m) = -m**3 - 39*m**2 + 6*m + 281. What is z(-39)?
47
Let g(i) = -2*i**2 - 38*i - 234. Determine g(-14).
-94
Let c(b) = -626*b + 2508. What is c(4)?
4
Let g(k) = -22*k**2 + 33*k + 81. What is g(-3)?
-216
Let j(y) = -256*y - 6082. What is j(-24)?
62
Let v(o) = -6828*o - 40982. Determine v(-6).
-14
Let h(g) = -2*g**2 + 567*g + 16754. Determine h(-27).
-13
Let f(s) = -5*s**2 + 108*s - 472. Calculate f(7).
39
Let q(r) = 122*r + 54. Calculate q(-1).
-68
Let q(s) = 61*s - 9627. Determine q(158).
11
Let y(s) = -s**3 - 67*s**2 - 199*s - 480. Determine y(-64).
-32
Let u(x) = -x**2 - 140*x - 3662. What is u(-105)?
13
Let i(x) = -111*x**3 - 2*x**2 - 8*x + 9. What is i(1)?
-112
Let l(g) = -13*g - 110. Calculate l(-22).
176
Let c(o) = o**3 + 2*o**2 - o + 27. Determine c(-6).
-111
Let u(k) = -1710*k + 8540. What is u(5)?
-10
Let g(x) = -x**2 + 25*x - 128. Determine g(10).
22
Let j(h) = h**3 - 40*h**2 + 88*h - 419. Determine j(38).
37
Let t(m) = -148*m + 451. Calculate t(0).
451
Let c(n) = -n**2 + 25*n - 27. Calculate c(5).
73
Let v(g) = 2*g**2 - 52*g - 563. What is v(-13)?
451
Let a(p) = -p**3 + 32*p**2 - 219*p + 11. Calculate a(10).
21
Let d(j) = j**3 + 4*j**2 - 23*j - 20. Give d(-7).
-6
Let m(a) = -56*a**2 - 378*a + 147. What is m(-7)?
49
Let k(a) = -3*a**2 - 29*a + 397. Calculate k(-17).
23
Let b(c) = 34753*c + 69506. Give b(-2).
0
Let f(n) = 1327*n + 6602. Determine f(-5).
-33
Let c(x) = 167*x + 2836. Determine c(-17).
-3
Let y(i) = i**3 + 89*i**2 - 2309*i - 28. What is y(21)?
-7
Let s(j) = -2*j**3 - 11*j**2 - 28*j - 142. What is s(-5)?
-27
Let u(t) = -442*t - 5329. Give u(-12).
-25
Let q(x) = x**2 - 477*x + 39325. What is q(106)?
-1
Let s(u) = -u**2 - 27*u - 124. What is s(-20)?
16
Let w(o) = -o**3 + 14*o**2 - 37*o - 17. Give w(10).
13
Let u(n) = n**3 + 60*n**2 - 59*n + 123. Give u(-61).
1
Let z(u) = 1086*u - 11001. What is z(10)?
-141
Let b(a) = -84*a + 3644. Give b(49).
-472
Let q(r) = 1017*r + 4045. Determine q(-4).
-23
Let r(n) = -3*n - 6. Determine 